{"id":589,"date":"2024-09-05T22:19:16","date_gmt":"2024-09-06T01:19:16","guid":{"rendered":"https:\/\/rodrigosantanaadv.com.br\/?page_id=589"},"modified":"2024-09-11T20:49:09","modified_gmt":"2024-09-11T23:49:09","slug":"direito-previdenciario","status":"publish","type":"page","link":"https:\/\/rodrigosantanaadv.com.br\/?page_id=589","title":{"rendered":"Direito Previdenci\u00e1rio"},"content":{"rendered":"\t\t<div data-elementor-type=\"wp-page\" data-elementor-id=\"589\" class=\"elementor elementor-589\" data-elementor-post-type=\"page\">\n\t\t\t\t<div class=\"elementor-element elementor-element-32150fa2 e-flex e-con-boxed e-con e-parent\" data-id=\"32150fa2\" data-element_type=\"container\" data-settings=\"{&quot;background_background&quot;:&quot;classic&quot;}\">\n\t\t\t\t\t<div class=\"e-con-inner\">\n\t\t<div class=\"elementor-element elementor-element-73048d0 e-con-full e-flex e-con e-child\" data-id=\"73048d0\" data-element_type=\"container\">\n\t\t\t\t<div class=\"elementor-element elementor-element-543c3fde elementor-widget elementor-widget-image\" data-id=\"543c3fde\" data-element_type=\"widget\" data-widget_type=\"image.default\">\n\t\t\t\t<div class=\"elementor-widget-container\">\n\t\t\t\t\t\t\t\t\t\t\t\t\t<img fetchpriority=\"high\" decoding=\"async\" width=\"512\" height=\"512\" src=\"https:\/\/rodrigosantanaadv.com.br\/wp-content\/uploads\/2024\/08\/cropped-Perfil-4-fdazul.png\" class=\"attachment-full size-full wp-image-61\" alt=\"\" srcset=\"https:\/\/rodrigosantanaadv.com.br\/wp-content\/uploads\/2024\/08\/cropped-Perfil-4-fdazul.png 512w, https:\/\/rodrigosantanaadv.com.br\/wp-content\/uploads\/2024\/08\/cropped-Perfil-4-fdazul-300x300.png 300w, https:\/\/rodrigosantanaadv.com.br\/wp-content\/uploads\/2024\/08\/cropped-Perfil-4-fdazul-150x150.png 150w, https:\/\/rodrigosantanaadv.com.br\/wp-content\/uploads\/2024\/08\/cropped-Perfil-4-fdazul-270x270.png 270w, https:\/\/rodrigosantanaadv.com.br\/wp-content\/uploads\/2024\/08\/cropped-Perfil-4-fdazul-192x192.png 192w, https:\/\/rodrigosantanaadv.com.br\/wp-content\/uploads\/2024\/08\/cropped-Perfil-4-fdazul-180x180.png 180w, https:\/\/rodrigosantanaadv.com.br\/wp-content\/uploads\/2024\/08\/cropped-Perfil-4-fdazul-32x32.png 32w\" sizes=\"(max-width: 512px) 100vw, 512px\" \/>\t\t\t\t\t\t\t\t\t\t\t\t\t<\/div>\n\t\t\t\t<\/div>\n\t\t\t\t<div class=\"elementor-element elementor-element-18b5dbcf elementor-widget elementor-widget-heading\" data-id=\"18b5dbcf\" data-element_type=\"widget\" data-widget_type=\"heading.default\">\n\t\t\t\t<div class=\"elementor-widget-container\">\n\t\t\t<h2 class=\"elementor-heading-title elementor-size-default\">Direito Criminal e Previdenci\u00e1rio<\/h2>\t\t<\/div>\n\t\t\t\t<\/div>\n\t\t\t\t<div class=\"elementor-element elementor-element-17651dde elementor-widget elementor-widget-heading\" data-id=\"17651dde\" data-element_type=\"widget\" data-widget_type=\"heading.default\">\n\t\t\t\t<div class=\"elementor-widget-container\">\n\t\t\t<h2 class=\"elementor-heading-title elementor-size-default\">Atua\u00e7\u00e3o em pris\u00e3o em flagrante, inqu\u00e9ritos policiais, <br>processos criminais e execu\u00e7\u00e3o penal.<\/h2>\t\t<\/div>\n\t\t\t\t<\/div>\n\t\t\t\t<div class=\"elementor-element elementor-element-7d351d08 elementor-align-left elementor-widget elementor-widget-button\" data-id=\"7d351d08\" data-element_type=\"widget\" data-widget_type=\"button.default\">\n\t\t\t\t<div class=\"elementor-widget-container\">\n\t\t\t\t\t<div class=\"elementor-button-wrapper\">\n\t\t\t<a class=\"elementor-button elementor-button-link elementor-size-sm\" href=\"http:\/\/wa.me\/5534991666262\">\n\t\t\t\t\t\t<span class=\"elementor-button-content-wrapper\">\n\t\t\t\t\t\t\t\t\t<span class=\"elementor-button-text\">Atendimento Criminal<\/span>\n\t\t\t\t\t<\/span>\n\t\t\t\t\t<\/a>\n\t\t<\/div>\n\t\t\t\t<\/div>\n\t\t\t\t<\/div>\n\t\t\t\t<div class=\"elementor-element elementor-element-1676cfe5 elementor-align-left elementor-widget__width-initial elementor-widget elementor-widget-button\" data-id=\"1676cfe5\" data-element_type=\"widget\" data-widget_type=\"button.default\">\n\t\t\t\t<div class=\"elementor-widget-container\">\n\t\t\t\t\t<div class=\"elementor-button-wrapper\">\n\t\t\t<a class=\"elementor-button elementor-button-link elementor-size-sm\" href=\"http:\/\/wa.me\/5534991649555\">\n\t\t\t\t\t\t<span class=\"elementor-button-content-wrapper\">\n\t\t\t\t\t\t\t\t\t<span class=\"elementor-button-text\">Atendimento Previdenci\u00e1rio<\/span>\n\t\t\t\t\t<\/span>\n\t\t\t\t\t<\/a>\n\t\t<\/div>\n\t\t\t\t<\/div>\n\t\t\t\t<\/div>\n\t\t\t\t<\/div>\n\t\t<div class=\"elementor-element elementor-element-488b0be5 e-con-full e-flex e-con e-child\" data-id=\"488b0be5\" data-element_type=\"container\">\n\t\t\t\t<\/div>\n\t\t\t\t\t<\/div>\n\t\t\t\t<\/div>\n\t\t<div class=\"elementor-element elementor-element-170dd23a e-flex e-con-boxed e-con e-parent\" data-id=\"170dd23a\" data-element_type=\"container\" data-settings=\"{&quot;background_background&quot;:&quot;gradient&quot;}\">\n\t\t\t\t\t<div class=\"e-con-inner\">\n\t\t\t\t<div class=\"elementor-element elementor-element-821b08e elementor-widget elementor-widget-heading\" data-id=\"821b08e\" data-element_type=\"widget\" data-widget_type=\"heading.default\">\n\t\t\t\t<div class=\"elementor-widget-container\">\n\t\t\t<h2 class=\"elementor-heading-title elementor-size-default\">Direito Previdenci\u00e1rio<\/h2>\t\t<\/div>\n\t\t\t\t<\/div>\n\t\t\t\t\t<\/div>\n\t\t\t\t<\/div>\n\t\t<div class=\"elementor-element elementor-element-3f89bec0 e-flex e-con-boxed e-con e-parent\" data-id=\"3f89bec0\" data-element_type=\"container\" data-settings=\"{&quot;background_background&quot;:&quot;classic&quot;}\">\n\t\t\t\t\t<div class=\"e-con-inner\">\n\t\t\t\t<div class=\"elementor-element elementor-element-22d4232 elementor-widget elementor-widget-text-editor\" data-id=\"22d4232\" data-element_type=\"widget\" data-widget_type=\"text-editor.default\">\n\t\t\t\t<div class=\"elementor-widget-container\">\n\t\t\t\t\t\t\t<p><b>\u00a0 Concess\u00e3o de Benef\u00edcios<\/b><\/p><ul><li style=\"font-weight: 400;\" aria-level=\"1\"><span style=\"font-weight: 400;\">aposentadoria por idade<\/span><\/li><li style=\"font-weight: 400;\" aria-level=\"1\"><span style=\"font-weight: 400;\">aposentadoria por tempo de contribui\u00e7\u00e3o<\/span><\/li><li style=\"font-weight: 400;\" aria-level=\"1\"><span style=\"font-weight: 400;\">aposentadoria especial<\/span><\/li><li style=\"font-weight: 400;\" aria-level=\"1\"><span style=\"font-weight: 400;\">aposentadoria por invalidez<\/span><\/li><li style=\"font-weight: 400;\" aria-level=\"1\"><span style=\"font-weight: 400;\">aux\u00edlio-doen\u00e7a<\/span><\/li><li style=\"font-weight: 400;\" aria-level=\"1\"><span style=\"font-weight: 400;\">pens\u00e3o por morte<\/span><\/li><li style=\"font-weight: 400;\" aria-level=\"1\"><span style=\"font-weight: 400;\">outros<\/span><\/li><\/ul><p><b>\u00a0 Revis\u00e3o de Benef\u00edcios<\/b><\/p><ul><li style=\"font-weight: 400;\" aria-level=\"1\"><span style=\"font-weight: 400;\">An\u00e1lise e revis\u00e3o de benef\u00edcios j\u00e1 concedidos para corre\u00e7\u00e3o de valores ou per\u00edodos de contribui\u00e7\u00e3o<\/span><\/li><\/ul><p><b>\u00a0 Planejamento Previdenci\u00e1rio<\/b><\/p><ul><li style=\"font-weight: 400;\" aria-level=\"1\"><span style=\"font-weight: 400;\">Consultoria para organizar sua vida previdenci\u00e1ria, ampliando os benef\u00edcios no momento da aposentadoria e ajudando na escolha do melhor regime previdenci\u00e1rio.<\/span><\/li><\/ul><p><b>\u00a0 Contencioso Administrativo e Judicial<\/b><\/p><ul><li style=\"font-weight: 400;\" aria-level=\"1\"><span style=\"font-weight: 400;\">Atua\u00e7\u00e3o em processos administrativos junto ao INSS\u00a0<\/span><\/li><\/ul><p><b>\u00a0 Previd\u00eancia Complementar<\/b><\/p><ul><li style=\"font-weight: 400;\" aria-level=\"1\"><span style=\"font-weight: 400;\">Assessoria em planos de previd\u00eancia privada ou complementar, tanto na fase de acumula\u00e7\u00e3o quanto na de recebimento.<\/span><\/li><\/ul><p><b>\u00a0 Aposentadoria Especial<\/b><\/p><ul><li style=\"font-weight: 400;\" aria-level=\"1\"><span style=\"font-weight: 400;\">Assessoria para iniciar e\/ou revisar processos de aposentadoria especial;<\/span><\/li><\/ul><p><b>\u00a0 Benef\u00edcios Assistenciais<\/b><span style=\"font-weight: 400;\">\u00a0<\/span><\/p><ul><li style=\"font-weight: 400;\" aria-level=\"1\"><span style=\"font-weight: 400;\">Assessoria em processos para obten\u00e7\u00e3o de benef\u00edcios assistenciais, como o Benef\u00edcio de Presta\u00e7\u00e3o Continuada (BPC) e outros;<\/span><\/li><\/ul><p><b>\u00a0 Consultoria Empresarial<\/b><\/p><ul><li style=\"font-weight: 400;\" aria-level=\"1\"><span style=\"font-weight: 400;\">Orienta\u00e7\u00e3o para empresas sobre contribui\u00e7\u00e3o previdenci\u00e1ria, evitando autua\u00e7\u00f5es fiscais e garantindo o cumprimento das obriga\u00e7\u00f5es legais;<\/span><\/li><\/ul>\t\t\t\t\t\t<\/div>\n\t\t\t\t<\/div>\n\t\t\t\t\t<\/div>\n\t\t\t\t<\/div>\n\t\t<div class=\"elementor-element elementor-element-5da4c7a2 e-flex e-con-boxed e-con e-parent\" data-id=\"5da4c7a2\" data-element_type=\"container\">\n\t\t\t\t\t<div class=\"e-con-inner\">\n\t\t\t\t\t<\/div>\n\t\t\t\t<\/div>\n\t\t<div class=\"elementor-element elementor-element-4bfcafca e-flex e-con-boxed e-con e-parent\" data-id=\"4bfcafca\" data-element_type=\"container\">\n\t\t\t\t\t<div class=\"e-con-inner\">\n\t\t\t\t\t<\/div>\n\t\t\t\t<\/div>\n\t\t\t\t<\/div>\n\t\t","protected":false},"excerpt":{"rendered":"<p>Direito Criminal e Previdenci\u00e1rio Atua\u00e7\u00e3o em pris\u00e3o em flagrante, inqu\u00e9ritos policiais, processos criminais e execu\u00e7\u00e3o penal. Atendimento Criminal Atendimento Previdenci\u00e1rio Direito Previdenci\u00e1rio \u00a0 Concess\u00e3o de Benef\u00edcios aposentadoria por idade aposentadoria por tempo de contribui\u00e7\u00e3o aposentadoria especial aposentadoria por invalidez aux\u00edlio-doen\u00e7a pens\u00e3o por morte outros \u00a0 Revis\u00e3o de Benef\u00edcios An\u00e1lise e revis\u00e3o de benef\u00edcios j\u00e1 concedidos [&hellip;]<\/p>\n","protected":false},"author":1,"featured_media":0,"parent":0,"menu_order":0,"comment_status":"closed","ping_status":"closed","template":"","meta":{"_siteseo_robots_primary_cat":"","footnotes":""},"class_list":["post-589","page","type-page","status-publish","hentry"],"_links":{"self":[{"href":"https:\/\/rodrigosantanaadv.com.br\/index.php?rest_route=\/wp\/v2\/pages\/589","targetHints":{"allow":["GET"]}}],"collection":[{"href":"https:\/\/rodrigosantanaadv.com.br\/index.php?rest_route=\/wp\/v2\/pages"}],"about":[{"href":"https:\/\/rodrigosantanaadv.com.br\/index.php?rest_route=\/wp\/v2\/types\/page"}],"author":[{"embeddable":true,"href":"https:\/\/rodrigosantanaadv.com.br\/index.php?rest_route=\/wp\/v2\/users\/1"}],"replies":[{"embeddable":true,"href":"https:\/\/rodrigosantanaadv.com.br\/index.php?rest_route=%2Fwp%2Fv2%2Fcomments&post=589"}],"version-history":[{"count":22,"href":"https:\/\/rodrigosantanaadv.com.br\/index.php?rest_route=\/wp\/v2\/pages\/589\/revisions"}],"predecessor-version":[{"id":639,"href":"https:\/\/rodrigosantanaadv.com.br\/index.php?rest_route=\/wp\/v2\/pages\/589\/revisions\/639"}],"wp:attachment":[{"href":"https:\/\/rodrigosantanaadv.com.br\/index.php?rest_route=%2Fwp%2Fv2%2Fmedia&parent=589"}],"curies":[{"name":"wp","href":"https:\/\/api.w.org\/{rel}","templated":true}]}}