{"id":604,"date":"2024-09-05T22:38:04","date_gmt":"2024-09-06T01:38:04","guid":{"rendered":"https:\/\/rodrigosantanaadv.com.br\/?page_id=604"},"modified":"2024-09-11T20:51:27","modified_gmt":"2024-09-11T23:51:27","slug":"direito-criminal","status":"publish","type":"page","link":"https:\/\/rodrigosantanaadv.com.br\/?page_id=604","title":{"rendered":"Direito Criminal"},"content":{"rendered":"\t\t<div data-elementor-type=\"wp-page\" data-elementor-id=\"604\" class=\"elementor elementor-604\" data-elementor-post-type=\"page\">\n\t\t\t\t<div class=\"elementor-element elementor-element-6a3c028e e-flex e-con-boxed e-con e-parent\" data-id=\"6a3c028e\" data-element_type=\"container\" data-settings=\"{&quot;background_background&quot;:&quot;classic&quot;}\">\n\t\t\t\t\t<div class=\"e-con-inner\">\n\t\t<div class=\"elementor-element elementor-element-106c3c9d e-con-full e-flex e-con e-child\" data-id=\"106c3c9d\" data-element_type=\"container\">\n\t\t\t\t<div class=\"elementor-element elementor-element-461faa72 elementor-widget elementor-widget-image\" data-id=\"461faa72\" data-element_type=\"widget\" data-widget_type=\"image.default\">\n\t\t\t\t<div class=\"elementor-widget-container\">\n\t\t\t\t\t\t\t\t\t\t\t\t\t<img fetchpriority=\"high\" decoding=\"async\" width=\"512\" height=\"512\" src=\"https:\/\/rodrigosantanaadv.com.br\/wp-content\/uploads\/2024\/08\/cropped-Perfil-4-fdazul.png\" class=\"attachment-full size-full wp-image-61\" alt=\"\" srcset=\"https:\/\/rodrigosantanaadv.com.br\/wp-content\/uploads\/2024\/08\/cropped-Perfil-4-fdazul.png 512w, https:\/\/rodrigosantanaadv.com.br\/wp-content\/uploads\/2024\/08\/cropped-Perfil-4-fdazul-300x300.png 300w, https:\/\/rodrigosantanaadv.com.br\/wp-content\/uploads\/2024\/08\/cropped-Perfil-4-fdazul-150x150.png 150w, https:\/\/rodrigosantanaadv.com.br\/wp-content\/uploads\/2024\/08\/cropped-Perfil-4-fdazul-270x270.png 270w, https:\/\/rodrigosantanaadv.com.br\/wp-content\/uploads\/2024\/08\/cropped-Perfil-4-fdazul-192x192.png 192w, https:\/\/rodrigosantanaadv.com.br\/wp-content\/uploads\/2024\/08\/cropped-Perfil-4-fdazul-180x180.png 180w, https:\/\/rodrigosantanaadv.com.br\/wp-content\/uploads\/2024\/08\/cropped-Perfil-4-fdazul-32x32.png 32w\" sizes=\"(max-width: 512px) 100vw, 512px\" \/>\t\t\t\t\t\t\t\t\t\t\t\t\t<\/div>\n\t\t\t\t<\/div>\n\t\t\t\t<div class=\"elementor-element elementor-element-36ea8538 elementor-widget elementor-widget-heading\" data-id=\"36ea8538\" data-element_type=\"widget\" data-widget_type=\"heading.default\">\n\t\t\t\t<div class=\"elementor-widget-container\">\n\t\t\t<h2 class=\"elementor-heading-title elementor-size-default\">Direito Criminal e Previdenci\u00e1rio<\/h2>\t\t<\/div>\n\t\t\t\t<\/div>\n\t\t\t\t<div class=\"elementor-element elementor-element-49292b1c elementor-widget elementor-widget-heading\" data-id=\"49292b1c\" data-element_type=\"widget\" data-widget_type=\"heading.default\">\n\t\t\t\t<div class=\"elementor-widget-container\">\n\t\t\t<h2 class=\"elementor-heading-title elementor-size-default\">Atua\u00e7\u00e3o em pris\u00e3o em flagrante, inqu\u00e9ritos policiais, <br>processos criminais e execu\u00e7\u00e3o penal.<\/h2>\t\t<\/div>\n\t\t\t\t<\/div>\n\t\t\t\t<div class=\"elementor-element elementor-element-2fb963fe elementor-align-left elementor-widget elementor-widget-button\" data-id=\"2fb963fe\" data-element_type=\"widget\" data-widget_type=\"button.default\">\n\t\t\t\t<div class=\"elementor-widget-container\">\n\t\t\t\t\t<div class=\"elementor-button-wrapper\">\n\t\t\t<a class=\"elementor-button elementor-button-link elementor-size-sm\" href=\"http:\/\/wa.me\/5534991666262\">\n\t\t\t\t\t\t<span class=\"elementor-button-content-wrapper\">\n\t\t\t\t\t\t\t\t\t<span class=\"elementor-button-text\">Atendimento Criminal<\/span>\n\t\t\t\t\t<\/span>\n\t\t\t\t\t<\/a>\n\t\t<\/div>\n\t\t\t\t<\/div>\n\t\t\t\t<\/div>\n\t\t\t\t<div class=\"elementor-element elementor-element-5451c7b elementor-align-left elementor-widget__width-initial elementor-widget elementor-widget-button\" data-id=\"5451c7b\" data-element_type=\"widget\" data-widget_type=\"button.default\">\n\t\t\t\t<div class=\"elementor-widget-container\">\n\t\t\t\t\t<div class=\"elementor-button-wrapper\">\n\t\t\t<a class=\"elementor-button elementor-button-link elementor-size-sm\" href=\"http:\/\/wa.me\/5534991649555\">\n\t\t\t\t\t\t<span class=\"elementor-button-content-wrapper\">\n\t\t\t\t\t\t\t\t\t<span class=\"elementor-button-text\">Atendimento Previdenci\u00e1rio<\/span>\n\t\t\t\t\t<\/span>\n\t\t\t\t\t<\/a>\n\t\t<\/div>\n\t\t\t\t<\/div>\n\t\t\t\t<\/div>\n\t\t\t\t<\/div>\n\t\t<div class=\"elementor-element elementor-element-38481572 e-con-full e-flex e-con e-child\" data-id=\"38481572\" data-element_type=\"container\">\n\t\t\t\t<\/div>\n\t\t\t\t\t<\/div>\n\t\t\t\t<\/div>\n\t\t<div class=\"elementor-element elementor-element-467a6ce8 e-flex e-con-boxed e-con e-parent\" data-id=\"467a6ce8\" data-element_type=\"container\" data-settings=\"{&quot;background_background&quot;:&quot;gradient&quot;}\">\n\t\t\t\t\t<div class=\"e-con-inner\">\n\t\t\t\t<div class=\"elementor-element elementor-element-1380790 elementor-widget elementor-widget-heading\" data-id=\"1380790\" data-element_type=\"widget\" data-widget_type=\"heading.default\">\n\t\t\t\t<div class=\"elementor-widget-container\">\n\t\t\t<h2 class=\"elementor-heading-title elementor-size-default\">Direito Criminal<\/h2>\t\t<\/div>\n\t\t\t\t<\/div>\n\t\t\t\t\t<\/div>\n\t\t\t\t<\/div>\n\t\t<div class=\"elementor-element elementor-element-3039467a e-flex e-con-boxed e-con e-parent\" data-id=\"3039467a\" data-element_type=\"container\" data-settings=\"{&quot;background_background&quot;:&quot;classic&quot;}\">\n\t\t\t\t\t<div class=\"e-con-inner\">\n\t\t\t\t<div class=\"elementor-element elementor-element-495640f6 elementor-widget elementor-widget-text-editor\" data-id=\"495640f6\" data-element_type=\"widget\" data-widget_type=\"text-editor.default\">\n\t\t\t\t<div class=\"elementor-widget-container\">\n\t\t\t\t\t\t\t<p><b>\u00a0 Defesa Criminal<\/b><\/p><ul><li style=\"font-weight: 400;\" aria-level=\"1\"><span style=\"font-weight: 400;\">Representa\u00e7\u00e3o de acusados em processos criminais, seja na fase de inqu\u00e9rito policial, processual ou execu\u00e7\u00e3o penal;<\/span><\/li><\/ul><p><b>\u00a0 Crimes contra a Pessoa<\/b><\/p><ul><li style=\"font-weight: 400;\" aria-level=\"1\"><span style=\"font-weight: 400;\">Defesa ou acusa\u00e7\u00e3o em crimes que atentem contra a integridade f\u00edsica e a vida;<\/span><\/li><\/ul><p><b>\u00a0 Crimes contra o Patrim\u00f4nio<\/b><\/p><ul><li style=\"font-weight: 400;\" aria-level=\"1\"><span style=\"font-weight: 400;\">Atua\u00e7\u00e3o em casos relacionados a crimes como furto, roubo, estelionato, extors\u00e3o, apropria\u00e7\u00e3o ind\u00e9bita, entre outros que envolvam a subtra\u00e7\u00e3o ou preju\u00edzo ao patrim\u00f4nio alheio;<\/span><\/li><\/ul><p><b>\u00a0 Crimes contra a Administra\u00e7\u00e3o P\u00fablica<\/b><\/p><ul><li style=\"font-weight: 400;\" aria-level=\"1\"><span style=\"font-weight: 400;\">Representa\u00e7\u00e3o em casos de corrup\u00e7\u00e3o, peculato, concuss\u00e3o, prevarica\u00e7\u00e3o, entre outros crimes praticados por ou contra agentes p\u00fablicos;<\/span><\/li><\/ul><p><b>\u00a0 Crimes contra a Honra<\/b><\/p><ul><li style=\"font-weight: 400;\" aria-level=\"1\"><span style=\"font-weight: 400;\">Atua\u00e7\u00e3o em processos de difama\u00e7\u00e3o, cal\u00fania e inj\u00faria;<\/span><\/li><\/ul><p><b>\u00a0 Crimes contra a Dignidade Sexual<\/b><\/p><ul><li style=\"font-weight: 400;\" aria-level=\"1\"><span style=\"font-weight: 400;\">Representa\u00e7\u00e3o em casos de crimes como estupro, ass\u00e9dio sexual, importuna\u00e7\u00e3o sexual, e outros que atentam contra a liberdade e dignidade sexual.<\/span><\/li><\/ul><p><b>\u00a0 Crimes de Tr\u00e2nsito<\/b><\/p><ul><li style=\"font-weight: 400;\" aria-level=\"1\"><span style=\"font-weight: 400;\">Defesa em casos de homic\u00eddio culposo, les\u00e3o corporal culposa, embriaguez ao volante, e outros delitos relacionados ao tr\u00e2nsito.<\/span><\/li><\/ul><p><b>\u00a0 Execu\u00e7\u00e3o Penal<\/b><\/p><ul><li style=\"font-weight: 400;\" aria-level=\"1\"><span style=\"font-weight: 400;\">Representa\u00e7\u00e3o de condenados na fase de cumprimento da pena, incluindo pedidos de progress\u00e3o de regime, livramento condicional, indulto, entre outros direitos dos apenados.<\/span><\/li><\/ul>\t\t\t\t\t\t<\/div>\n\t\t\t\t<\/div>\n\t\t\t\t\t<\/div>\n\t\t\t\t<\/div>\n\t\t<div class=\"elementor-element elementor-element-18227012 e-flex e-con-boxed e-con e-parent\" data-id=\"18227012\" data-element_type=\"container\">\n\t\t\t\t\t<div class=\"e-con-inner\">\n\t\t\t\t\t<\/div>\n\t\t\t\t<\/div>\n\t\t<div class=\"elementor-element elementor-element-6573a2e4 e-flex e-con-boxed e-con e-parent\" data-id=\"6573a2e4\" data-element_type=\"container\">\n\t\t\t\t\t<div class=\"e-con-inner\">\n\t\t\t\t\t<\/div>\n\t\t\t\t<\/div>\n\t\t\t\t<\/div>\n\t\t","protected":false},"excerpt":{"rendered":"<p>Direito Criminal e Previdenci\u00e1rio Atua\u00e7\u00e3o em pris\u00e3o em flagrante, inqu\u00e9ritos policiais, processos criminais e execu\u00e7\u00e3o penal. Atendimento Criminal Atendimento Previdenci\u00e1rio Direito Criminal \u00a0 Defesa Criminal Representa\u00e7\u00e3o de acusados em processos criminais, seja na fase de inqu\u00e9rito policial, processual ou execu\u00e7\u00e3o penal; \u00a0 Crimes contra a Pessoa Defesa ou acusa\u00e7\u00e3o em crimes que atentem contra a [&hellip;]<\/p>\n","protected":false},"author":1,"featured_media":0,"parent":0,"menu_order":0,"comment_status":"closed","ping_status":"closed","template":"","meta":{"_siteseo_robots_primary_cat":"","footnotes":""},"class_list":["post-604","page","type-page","status-publish","hentry"],"_links":{"self":[{"href":"https:\/\/rodrigosantanaadv.com.br\/index.php?rest_route=\/wp\/v2\/pages\/604","targetHints":{"allow":["GET"]}}],"collection":[{"href":"https:\/\/rodrigosantanaadv.com.br\/index.php?rest_route=\/wp\/v2\/pages"}],"about":[{"href":"https:\/\/rodrigosantanaadv.com.br\/index.php?rest_route=\/wp\/v2\/types\/page"}],"author":[{"embeddable":true,"href":"https:\/\/rodrigosantanaadv.com.br\/index.php?rest_route=\/wp\/v2\/users\/1"}],"replies":[{"embeddable":true,"href":"https:\/\/rodrigosantanaadv.com.br\/index.php?rest_route=%2Fwp%2Fv2%2Fcomments&post=604"}],"version-history":[{"count":10,"href":"https:\/\/rodrigosantanaadv.com.br\/index.php?rest_route=\/wp\/v2\/pages\/604\/revisions"}],"predecessor-version":[{"id":642,"href":"https:\/\/rodrigosantanaadv.com.br\/index.php?rest_route=\/wp\/v2\/pages\/604\/revisions\/642"}],"wp:attachment":[{"href":"https:\/\/rodrigosantanaadv.com.br\/index.php?rest_route=%2Fwp%2Fv2%2Fmedia&parent=604"}],"curies":[{"name":"wp","href":"https:\/\/api.w.org\/{rel}","templated":true}]}}